.
5, 29021
What are the prime factors of 4?
2
What are the prime factors of 37763?
11, 3433
What are the prime factors of 108012?
2, 3, 9001
What are the prime factors of 14178?
2, 3, 17, 139
List the prime factors of 1192.
2, 149
What are the prime factors of 2259?
3, 251
List the prime factors of 371.
7, 53
What are the prime factors of 11501?
7, 31, 53
What are the prime factors of 2231?
23, 97
What are the prime factors of 16311?
3, 5437
List the prime factors of 16659.
3, 617
List the prime factors of 4936.
2, 617
List the prime factors of 11756.
2, 2939
List the prime factors of 3155.
5, 631
List the prime factors of 551.
19, 29
List the prime factors of 43124.
2, 10781
List the prime factors of 2433.
3, 811
List the prime factors of 328.
2, 41
List the prime factors of 9372.
2, 3, 11, 71
List the prime factors of 51978.
2, 3, 8663
List the prime factors of 982.
2, 491
What are the prime factors of 18451?
18451
What are the prime factors of 15238?
2, 19, 401
List the prime factors of 979.
11, 89
What are the prime factors of 88166?
2, 13, 3391
What are the prime factors of 888?
2, 3, 37
List the prime factors of 5379.
3, 11, 163
What are the prime factors of 2738?
2, 37
What are the prime factors of 9081?
3, 1009
List the prime factors of 58682.
2, 13, 37, 61
List the prime factors of 363.
3, 11
What are the prime factors of 784?
2, 7
What are the prime factors of 6604?
2, 13, 127
List the prime factors of 44343.
3, 13, 379
What are the prime factors of 7640?
2, 5, 191
What are the prime factors of 505?
5, 101
What are the prime factors of 2242?
2, 19, 59
List the prime factors of 5243.
7, 107
List the prime factors of 963.
3, 107
List the prime factors of 1035.
3, 5, 23
What are the prime factors of 8809?
23, 383
List the prime factors of 40057.
41, 977
List the prime factors of 2465.
5, 17, 29
What are the prime factors of 3752?
2, 7, 67
What are the prime factors of 23949?
3, 887
What are the prime factors of 26369?
7, 3767
List the prime factors of 4589.
13, 353
What are the prime factors of 1974?
2, 3, 7, 47
List the prime factors of 5581.
5581
What are the prime factors of 20317?
11, 1847
What are the prime factors of 1024?
2
List the prime factors of 4201.
4201
What are the prime factors of 1018?
2, 509
What are the prime factors of 531?
3, 59
What are the prime factors of 2204?
2, 19, 29
List the prime factors of 109307.
11, 19, 523
List the prime factors of 5263.
19, 277
List the prime factors of 215.
5, 43
What are the prime factors of 58856?
2, 7, 1051
List the prime factors of 32429.
32429
What are the prime factors of 1144?
2, 11, 13
What are the prime factors of 32917?
32917
What are the prime factors of 4081?
7, 11, 53
What are the prime factors of 2274?
2, 3, 379
List the prime factors of 10792.
2, 19, 71
List the prime factors of 3419.
13, 263
List the prime factors of 9569.
7, 1367
What are the prime factors of 521?
521
What are the prime factors of 3343?
3343
List the prime factors of 2357.
2357
What are the prime factors of 109591?
29, 3779
List the prime factors of 3510.
2, 3, 5, 13
What are the prime factors of 6371?
23, 277
What are the prime factors of 1402?
2, 701
List the prime factors of 8832.
2, 3, 23
What are the prime factors of 17677?
11, 1607
What are the prime factors of 19838?
2, 7, 13, 109
What are the prime factors of 18159?
3, 6053
List the prime factors of 55673.
55673
List the prime factors of 22519.
7, 3217
What are the prime factors of 8127?
3, 7, 43
List the prime factors of 765.
3, 5, 17
What are the prime factors of 3077?
17, 181
List the prime factors of 3088.
2, 193
What are the prime factors of 2384?
2, 149
What are the prime factors of 3437?
7, 491
List the prime factors of 11847.
3, 11, 359
List the prime factors of 8704.
2, 17
What are the prime factors of 4462?
2, 23, 97
List the prime factors of 1498.
2, 7, 107
What are the prime factors of 6186?
2, 3, 1031
What are the prime factors of 3646?
2, 1823
List the prime factors of 2797.
2797
What are the prime factors of 1636?
2, 409
List the prime factors of 68795.
5, 13759
List the prime factors of 1356.
2, 3, 113
List the prime factors of 1897.
7, 271
List the prime factors of 54721.
54721
List the prime factors of 230.
2, 5, 23
What are the prime factors of 15461?
15461
What are the prime factors of 20771?
20771
List the prime factors of 18823.
7, 2689
What are the prime factors of 3021?
3, 19, 53
What are the prime factors of 2124?
2, 3, 59
What are the prime factors of 10104?
2, 3, 421
What are the prime factors of 77291?
77291
What are the prime factors of 1401?
3, 467
What are the prime factors of 1241?
17, 73
List the prime factors of 718.
2, 359
What are the prime factors of 555?
3, 5, 37
What are the prime factors of 1557?
3, 173
List the prime factors of 72971.
43, 1697
List the prime factors of 19446.
2, 3, 7, 463
What are the prime factors of 7377?
3, 2459
List the prime factors of 2262.
2, 3, 13, 29
List the prime factors of 42195.
3, 5, 29, 97
What are the prime factors of 6450?
2, 3, 5, 43
List the prime factors of 2511.
3, 31
List the prime factors of 8160.
2, 3, 5, 17
List the prime factors of 26662.
2, 13331
List the prime factors of 38.
2, 19
List the prime factors of 3920.
2, 5, 7
List the prime factors of 1480.
2, 5, 37
What are the prime factors of 39183?
3, 37, 353
List the prime factors of 352.
2, 11
List the prime factors of 509.
509
List the prime factors of 4173.
3, 13, 107
List the prime factors of 1549.
1549
List the prime factors of 28692.
2, 3, 797
List the prime factors of 278.
2, 139
What are the prime factors of 12620?
2, 5, 631
List the prime factors of 21277.
21277
List the prime factors of 625.
5
List the prime factors of 34625.
5, 277
What are the prime factors of 210?
2, 3, 5, 7
List the prime factors of 43057.
7, 6151
List the prime factors of 9098.
2, 4549
What are the prime factors of 17443?
17443
What are the prime factors of 1686?
2, 3, 281
What are the prime factors of 1083?
3, 19
List the prime factors of 21158.
2, 71, 149
List the prime factors of 14276.
2, 43, 83
List the prime factors of 7557.
3, 11, 229
List the prime factors of 82889.
82889
What are the prime factors of 3574?
2, 1787
What are the prime factors of 4282?
2, 2141
List the prime factors of 1482.
2, 3, 13, 19
What are the prime factors of 26105?
5, 23, 227
What are the prime factors of 10310?
2, 5, 1031
What are the prime factors of 784?
2, 7
List the prime factors of 6889.
83
What are the prime factors of 130?
2, 5, 13
What are the prime factors of 92?
2, 23
List the prime factors of 17234.
2, 7, 1231
What are the prime factors of 293?
293
What are the prime factors of 4742?
2, 2371
List the prime factors of 1144.
2, 11, 13
What are the prime factors of 13450?
2, 5, 269
What are the prime factors of 1422?
2, 3, 79
What are the prime factors of 1083?
3, 19
What are the prime factors of 2562?
2, 3, 7, 61
What are the prime factors of 63494?
2, 53, 599
List the prime factors of 8318.
2, 4159
What are the prime factors of 65?
5, 13
What are the prime factors of 321?
3, 107
List the prime factors of 10581.
3, 3527
What are the prime factors of 4351?
19, 229
What are the prime factors of 1776?
2, 3, 37
What are the prime factors of 38008?
2, 4751
What are the prime factors of 3737?
37, 101
List the prime factors of 106.
2, 53
What are the prime factors of 108?
2, 3
List the prime factors of 43753.
43753
What are the prime factors of 2134?
2, 11, 97
What are the prime factors of 1761?
3, 587
List the prime factors of 3076.
2, 769
List the prime factors of 8041.
11, 17, 43
List the prime factors of 442.
2, 13, 17
What are the prime factors of 10225?
5, 409
List the prime factors of 3092.
2, 773
List the prime factors of 1020.
2, 3, 5, 17
What are the prime factors of 19411?
7, 47, 59
What are the prime factors of 3077?
17, 181
List the prime factors of 30112.
2, 941
List the prime factors of 28371.
3, 7, 193
List the prime factors of 2556.
2, 3, 71
List the prime factors of 1353.
3, 11, 41
What are the prime factors of 11243?
11243
List the prime factors of 519.
3, 173
What are the prime factors of 1993?
1993
What are the prime factors of 3293?
37, 89
What are the prime factors of 72947?
7, 17, 613
What are the prime factors of 1